*s + 1204. Let o = -243 - s. What is the tens digit of o?
5
Suppose -212468 + 45624 = -37*i + 212073. What is the thousands digit of i?
0
Let m be (-15)/(-9) - 3/(-9). Suppose -1 = -m*d + 23. What is the units digit of d?
2
Let o(p) be the second derivative of -5*p**3/6 - 31*p**2/2 - 25*p. Let q be o(-8). Suppose -q*w + 16*w - 140 = 0. What is the tens digit of w?
2
Let q(j) = 117*j**2 + 139*j + 486. What is the thousands digit of q(-22)?
4
Let y = 17694 - 8483. What is the tens digit of y?
1
Let k be (-3)/((6/(-5))/((-36)/45)). Let p be (-2)/(k/186 - 0). Suppose 6*n - p - 894 = 0. What is the tens digit of n?
8
Let f = 17544 + 20207. What is the ten thousands digit of f?
3
What is the units digit of 7804/(-30)*(-300)/4?
0
Let g(p) = 19 - 25 - 4*p - 11. Let t be g(-5). Suppose -4*b + 113 = t*j, 0 = -j + b + 16 + 10. What is the units digit of j?
1
Let p = 87 - 126. Suppose 220 + 196 = -16*h. Let z = h - p. What is the units digit of z?
3
Suppose -4*m = -1 + 5. Let g(y) = 124*y + 146*y - 5 - 300*y + 0. What is the tens digit of g(m)?
2
Suppose 60*s + 29*s - 1098438 = 0. What is the units digit of s?
2
Suppose 3*p = 4*z - 4761, 0 = -92*z + 94*z - 4*p - 2368. What is the hundreds digit of z?
1
Let g be (1 + -11)/((-2)/(-11)). Let f = 46 + g. Let x(w) = -w**3 - 8*w**2 - 6*w + 6. What is the units digit of x(f)?
1
Suppose 5*w - w = 3*d - 1091, d = -w + 359. Let f = 425 - d. What is the tens digit of f?
6
Suppose -28 = -8*t + t. Suppose -17*i - t = -13*i. What is the units digit of 44 - (i - (-1 + -1))?
3
Let q = -9 - -11. What is the tens digit of (-73)/(4/q*(-2)/20)?
6
Let j be -724*45/(-10) + 12/(-6). Let c = j - 1415. What is the thousands digit of c?
1
Suppose 62*p + 26490 = 75*p - 6790. What is the hundreds digit of p?
5
Let n = 10523 + -5339. What is the hundreds digit of n?
1
Suppose -3*z - 17108 = -i, -4*z = -8*z - 16. What is the tens digit of i?
9
Let j(h) = 8*h**2 + 3*h - 8. Let g be j(-4). Suppose 5*m = 2*m + g. Suppose a = -a + m. What is the tens digit of a?
1
What is the hundreds digit of (-4 - -5 - (-3372)/(-8))/(6/(-276))?
3
Suppose -y + 281629 = 34*y - 144496. What is the ten thousands digit of y?
1
Let t = -576 + 581. Suppose -3*c + t*c = 3302. What is the tens digit of c?
5
Suppose v = -3*m + 6340, 0 = -2*v - 16*m + 11*m + 12680. What is the hundreds digit of v?
3
Suppose 4*g - 2*h = 1 + 5, 3*g - 12 = -h. Let l(r) = 30*r**3 + 11*r - 14. What is the units digit of l(g)?
9
Let w be 48/20*35/(-14). Let d be (-2 - (-34)/w)/(2/24). Let b = 321 + d. What is the tens digit of b?
2
What is the thousands digit of (-1)/15*(-152457120)/288?
5
Let t(c) = -c**3 - 2*c**2 - 12*c - 7. Let n be ((-12)/(-28) - (-68)/(-28)) + -2. What is the units digit of t(n)?
3
Suppose 4*c - 4*t - 11388 = 0, 4*c - 8127 = 5*t + 3261. What is the hundreds digit of c?
8
Suppose -a = -6 - 8. Suppose a*q - 10 = 9*q. Suppose -3*k + 78 = -2*k + 4*r, -q*r - 106 = -2*k. What is the tens digit of k?
5
Suppose -t + l + 3 + 0 = 0, 5*t = 2*l + 6. Let f be -16 - t - (18/3)/3. What is the units digit of 178*(-27)/12*4/f?
9
Suppose 2*n + 669 = -n. Suppose -2*v + 62 = -2*u, 5*u = 57*v - 56*v - 55. Let m = v - n. What is the tens digit of m?
4
Let x = 32193 - 19469. What is the thousands digit of x?
2
Let n(j) = j**2 - 31*j - 305. Let g(a) = 16*a + 153. Let t(o) = 5*g(o) + 2*n(o). What is the tens digit of t(-15)?
3
Suppose -5*t - 3661 = -5*d + 2794, 5*d + 2*t = 6427. What is the thousands digit of d?
1
Let b(z) = -z**3 - 8*z**2 + 36*z - 43. Let k be b(-14). Let u = k - 476. What is the units digit of u?
3
Let z = -2787 + 27305. What is the hundreds digit of z?
5
Let j(f) = -f**3 - 36*f**2 - 3*f + 3296. What is the units digit of j(0)?
6
Suppose -17 = -2*b + 3. Suppose b*w = 5*w + 945. Let x = -101 + w. What is the tens digit of x?
8
Suppose 3*u - 46113 = 298*s - 301*s, -u - 61469 = -4*s. What is the hundreds digit of s?
3
Suppose -67*i = -121*i + 401112. What is the thousands digit of i?
7
Let m be (1120/(-84))/(4/(-6)). What is the hundreds digit of 4/m - 0 - (-18298)/35?
5
Suppose 4*t + 197 = q, 0 = -3*q - 0*t - 3*t + 576. Let s = q + -288. Let a = s + 230. What is the hundreds digit of a?
1
Suppose 2*d = -2*m - 186, 6*m - 5*d + 363 = 2*m. Let q = -24 - m. Suppose z - q = 6. What is the units digit of z?
4
Let n(s) = -20*s**3 - 33*s**2 + 19*s + 249. What is the thousands digit of n(-13)?
8
Suppose 13*h - 1578 = 7132. Suppose -110*i + 108*i = -h. What is the tens digit of i?
3
Let m(u) = 5*u**3 - 17*u**2 + 4. Let p(g) = -g**3 - g**2 + g + 1. Let j(v) = m(v) - 2*p(v). What is the tens digit of j(5)?
9
Let u = 44900 - 30569. What is the units digit of u?
1
Suppose 3*q - 414 = 3*n, -q + 3*n = -n - 138. Let p be 10/(-55) + q/33. Suppose -3*a - a + 392 = p*w, w - 86 = -4*a. What is the units digit of w?
2
What is the hundreds digit of (((-2)/(-8))/((-64)/256))/(1/(-3506))?
5
Let s be 9*(-2)/(-81) - (-43)/9. Suppose 0 = -4*n - 0*n - 3*j + 2407, s*n + j = 2995. What is the units digit of n?
8
Suppose 16*l - 707388 = 14*l - 90*l. What is the units digit of l?
9
Let r(q) = 2*q**3 - 6*q**2 + q - 1. Let l(w) = w**3 - 6*w**2 + 2*w - 2. Let b(c) = 3*l(c) - 2*r(c). Suppose 288 = 3*g + 309. What is the tens digit of b(g)?
1
Let z(t) = -144*t + 156. Let w be z(-17). Suppose -y + 4*y - w = 0. What is the tens digit of y?
6
Let x(f) = -f**3 + f**2 - f + 1. Let s(v) be the first derivative of 3*v**4/4 + 2*v**3/3 - 3*v + 14. Let q(l) = s(l) + 4*x(l). What is the units digit of q(5)?
6
Let l = 26342 - 4636. What is the thousands digit of l?
1
Suppose l = 3*l + 10, -5*l = -2*p + 19201. What is the thousands digit of p?
9
Suppose 5*b + 135 = 9770. What is the tens digit of (-20 + 0)/((-82)/b)?
7
Let s(j) = -j - 83. Let h be s(19). What is the units digit of (h/153)/(4/(-318))?
3
Suppose -k + 15 = h - 0*h, -k - 3*h = -11. Suppose -8040 = r - 3*r. Suppose r = k*v + 994. What is the tens digit of v?
7
Let i(h) = h. Let l(g) = g + 1. Let y(p) = 14*p + 27. Let o(f) = -18*l(f) + 2*y(f). Let x(z) = 2*i(z) + o(z). What is the units digit of x(6)?
8
Suppose -5*t + 23 + 32 = 0. Suppose 4*h - 3*v = -t, 2*h + 3 + 5 = 2*v. Let s(k) = 20*k - 1. What is the units digit of s(h)?
9
Let p(l) = -15*l**2 - 6*l - 10. Let m be p(-3). Let b = m - -361. What is the hundreds digit of b?
2
Let r(k) = 274*k**2 - 4*k + 5. Let c = 162 + -161. What is the tens digit of r(c)?
7
Let l = 19917 - 11061. What is the units digit of l?
6
Suppose 25 - 28 = -3*c, -b = -3*c - 55437. What is the tens digit of b?
4
Let y(h) = 6*h**2 + 116*h + 20. Let d be y(-19). Let z = -18 + -64. Let r = d - z. What is the tens digit of r?
6
Let t(p) = -p + 18. Let g(c) = c**2 + 5*c + 15. Let z be g(-4). Let l be t(z). Let x(y) = 12*y - 4. What is the units digit of x(l)?
0
Let c(h) = h**2 - 8*h - 17. Let m be c(10). Suppose -5*z = 3*f - 8, -8*z + 16 = -m*z + f. Suppose -z*y + 304 = -4. What is the tens digit of y?
7
Suppose -60*y + 382700 + 249920 = 34*y. What is the thousands digit of y?
6
Suppose -5*t - d = -231, 2*d = 66*t - 71*t + 227. Suppose 4*s + s = 5*w - 95, -t = -3*w - 2*s. What is the units digit of w?
7
Suppose 2*g - 5*z - 3873 = -10*z, -5*g + 9665 = -5*z. Suppose 16*f - 2770 = g. What is the tens digit of f?
9
Let m(o) = 24*o + 29. Let s(v) = v**3 - 12*v**2 - 13*v + 18. Let q be s(13). What is the tens digit of m(q)?
6
Suppose -2*i = -2*r + 4*r - 6786, -3*r = 4*i - 13568. Suppose 701 - i = -12*o. What is the tens digit of o?
2
Suppose 0 = -2*b - 20 + 8. Let i = -6 - b. What is the units digit of (i + (-9)/(-12))/((-3)/(-504))?
6
Let c be 1/8 + (-7 - 185346/(-112)). Let x = c - 885. What is the units digit of x?
3
What is the units digit of ((-5)/(-2) + -3)*2068/(-2)?
7
Let g(v) = 3*v**2 + 11*v + 23. Let a be g(-6). Let m = -85 + a. Let c(q) = -q**3 - 19*q**2 + 11*q + 1. What is the tens digit of c(m)?
8
Let t(b) = 228*b**3 - 2*b + 1. Let u be t(1). Suppose 0*m + c = -2*m - u, 3*m = -3*c - 342. Let p = 169 + m. What is the units digit of p?
6
Suppose 115*f - 118*f - 40117 = -4*b, 5*b - 5*f - 50145 = 0. What is the tens digit of b?
3
Let h(u) = 7*u - 5. Let g be h(10). Suppose -f + g = r - 14, -1 = -r. What is the units digit of f?
8
Suppose -1498*z + 256784 = -1482*z. What is the hundreds digit of z?
0
Suppose -35*f = -10574 - 35066. Sup